{"id":9,"date":"2020-11-23T14:50:51","date_gmt":"2020-11-23T14:50:51","guid":{"rendered":"http:\/\/samiskeventyr.no\/boker\/?post_type=product&#038;p=9"},"modified":"2026-01-14T07:07:10","modified_gmt":"2026-01-14T06:07:10","slug":"gutten-som-lurte-stallo-bardni-gii-stalu-dajuhii","status":"publish","type":"product","link":"https:\/\/www.samiskeventyr.no\/boker\/product\/gutten-som-lurte-stallo-bardni-gii-stalu-dajuhii\/","title":{"rendered":"Gutten som lurte Stallo &#8211; B\u00e1rdni gii St\u00e1lu d\u00e1juhii"},"content":{"rendered":"<p>Gutten, Eles, bruker sin list til \u00e5 lure den skumle Stalloen som har kidnappet \u00c1ir\u00e1.<br \/>\nEn morsom og litt skummel historie basert p\u00e5 et samisk eventyr.<br \/>\nBoken handler om mot og tapperhet, og hvordan man kan overkomme hindringer ved \u00e5 v\u00e6re smart og tro p\u00e5 seg selv.<\/p>\n<p>Inneholder illustrasjoner og tekst p\u00e5 norsk og nordsamisk i en og samme bok.<\/p>\n<p>Antall sider: 57 sider norsk og 57 sider samisk.<\/p>\n<p><em>For barn fra fire \u00e5r.<\/em><\/p>\n<p>NB. \u00d8nsker din bedrift \u00e5 betale med faktura?<br \/>\nLegg til fakturainformasjon med organisasjonsnummer, hvilken epostadresse faktura skal sendes til og leveringsadresse p\u00e5 betalingssiden.<\/p>\n<p><img loading=\"lazy\" decoding=\"async\" class=\"wp-image-169 size-full aligncenter\" src=\"https:\/\/www.samiskeventyr.no\/boker\/wp-content\/uploads\/\/2020\/11\/side_06_norsk.jpg\" alt=\"Gutten som lurte Stallo\" width=\"1000\" height=\"714\" srcset=\"https:\/\/www.samiskeventyr.no\/boker\/wp-content\/uploads\/2020\/11\/side_06_norsk.jpg 1000w, https:\/\/www.samiskeventyr.no\/boker\/wp-content\/uploads\/2020\/11\/side_06_norsk-300x214.jpg 300w, https:\/\/www.samiskeventyr.no\/boker\/wp-content\/uploads\/2020\/11\/side_06_norsk-768x548.jpg 768w, https:\/\/www.samiskeventyr.no\/boker\/wp-content\/uploads\/2020\/11\/side_06_norsk-600x428.jpg 600w\" sizes=\"auto, (max-width: 1000px) 100vw, 1000px\" \/><\/p>\n<p><img loading=\"lazy\" decoding=\"async\" class=\"size-full wp-image-170 aligncenter\" src=\"https:\/\/www.samiskeventyr.no\/boker\/wp-content\/uploads\/\/2020\/11\/side_12_norsk.jpg\" alt=\"Gutten som lurte Stallo\" width=\"1000\" height=\"714\" srcset=\"https:\/\/www.samiskeventyr.no\/boker\/wp-content\/uploads\/2020\/11\/side_12_norsk.jpg 1000w, https:\/\/www.samiskeventyr.no\/boker\/wp-content\/uploads\/2020\/11\/side_12_norsk-300x214.jpg 300w, https:\/\/www.samiskeventyr.no\/boker\/wp-content\/uploads\/2020\/11\/side_12_norsk-768x548.jpg 768w, https:\/\/www.samiskeventyr.no\/boker\/wp-content\/uploads\/2020\/11\/side_12_norsk-600x428.jpg 600w\" sizes=\"auto, (max-width: 1000px) 100vw, 1000px\" \/><\/p>\n<p><img loading=\"lazy\" decoding=\"async\" class=\"size-full wp-image-38 aligncenter\" src=\"https:\/\/www.samiskeventyr.no\/boker\/wp-content\/uploads\/\/2020\/11\/gsls_side20s_1290.jpg\" alt=\"Gutten som lurte Stallo - sample\" width=\"1290\" height=\"922\" srcset=\"https:\/\/www.samiskeventyr.no\/boker\/wp-content\/uploads\/2020\/11\/gsls_side20s_1290.jpg 1290w, https:\/\/www.samiskeventyr.no\/boker\/wp-content\/uploads\/2020\/11\/gsls_side20s_1290-300x214.jpg 300w, https:\/\/www.samiskeventyr.no\/boker\/wp-content\/uploads\/2020\/11\/gsls_side20s_1290-1024x732.jpg 1024w, https:\/\/www.samiskeventyr.no\/boker\/wp-content\/uploads\/2020\/11\/gsls_side20s_1290-768x549.jpg 768w, https:\/\/www.samiskeventyr.no\/boker\/wp-content\/uploads\/2020\/11\/gsls_side20s_1290-1200x858.jpg 1200w, https:\/\/www.samiskeventyr.no\/boker\/wp-content\/uploads\/2020\/11\/gsls_side20s_1290-600x429.jpg 600w\" sizes=\"auto, (max-width: 1290px) 100vw, 1290px\" \/><\/p>\n","protected":false},"excerpt":{"rendered":"<p>ISBN: 978-82-691573-1-4<\/p>\n","protected":false},"featured_media":10,"template":"","meta":[],"product_brand":[],"product_cat":[16],"product_tag":[],"class_list":{"0":"post-9","1":"product","2":"type-product","3":"status-publish","4":"has-post-thumbnail","6":"product_cat-boker","8":"first","9":"instock","10":"taxable","11":"shipping-taxable","12":"purchasable","13":"product-type-simple"},"_links":{"self":[{"href":"https:\/\/www.samiskeventyr.no\/boker\/wp-json\/wp\/v2\/product\/9","targetHints":{"allow":["GET"]}}],"collection":[{"href":"https:\/\/www.samiskeventyr.no\/boker\/wp-json\/wp\/v2\/product"}],"about":[{"href":"https:\/\/www.samiskeventyr.no\/boker\/wp-json\/wp\/v2\/types\/product"}],"wp:featuredmedia":[{"embeddable":true,"href":"https:\/\/www.samiskeventyr.no\/boker\/wp-json\/wp\/v2\/media\/10"}],"wp:attachment":[{"href":"https:\/\/www.samiskeventyr.no\/boker\/wp-json\/wp\/v2\/media?parent=9"}],"wp:term":[{"taxonomy":"product_brand","embeddable":true,"href":"https:\/\/www.samiskeventyr.no\/boker\/wp-json\/wp\/v2\/product_brand?post=9"},{"taxonomy":"product_cat","embeddable":true,"href":"https:\/\/www.samiskeventyr.no\/boker\/wp-json\/wp\/v2\/product_cat?post=9"},{"taxonomy":"product_tag","embeddable":true,"href":"https:\/\/www.samiskeventyr.no\/boker\/wp-json\/wp\/v2\/product_tag?post=9"}],"curies":[{"name":"wp","href":"https:\/\/api.w.org\/{rel}","templated":true}]}}